391708?
2
What is the millions digit of 3290982?
3
What is the thousands digit of 2904314?
4
What is the tens digit of 31807?
0
What is the hundred thousands digit of 172080?
1
What is the hundred thousands digit of 586131?
5
What is the hundreds digit of 178124?
1
What is the thousands digit of 1124161?
4
What is the hundreds digit of 2977255?
2
What is the thousands digit of 87230?
7
What is the tens digit of 466894?
9
What is the ten thousands digit of 70054?
7
What is the hundreds digit of 123466?
4
What is the thousands digit of 203468?
3
What is the hundreds digit of 1381054?
0
What is the thousands digit of 3134300?
4
What is the units digit of 466659?
9
What is the ten thousands digit of 903258?
0
What is the hundreds digit of 193979?
9
What is the hundreds digit of 305712?
7
What is the tens digit of 327900?
0
What is the tens digit of 1697555?
5
What is the units digit of 6952806?
6
What is the thousands digit of 1898809?
8
What is the tens digit of 10538484?
8
What is the units digit of 170938?
8
What is the tens digit of 8045418?
1
What is the hundreds digit of 13624512?
5
What is the tens digit of 1480955?
5
What is the units digit of 6511568?
8
What is the hundreds digit of 649388?
3
What is the ten thousands digit of 31688?
3
What is the thousands digit of 269959?
9
What is the hundreds digit of 206819?
8
What is the hundred thousands digit of 210899?
2
What is the units digit of 219069?
9
What is the ten millions digit of 12882619?
1
What is the units digit of 162918?
8
What is the hundred thousands digit of 12740420?
7
What is the hundreds digit of 161166?
1
What is the hundred thousands digit of 202252?
2
What is the units digit of 5630934?
4
What is the units digit of 351504?
4
What is the thousands digit of 431312?
1
What is the hundred thousands digit of 149090?
1
What is the hundred thousands digit of 357516?
3
What is the millions digit of 2441039?
2
What is the tens digit of 4323038?
3
What is the tens digit of 615023?
2
What is the ten thousands digit of 48396?
4
What is the thousands digit of 88835?
8
What is the millions digit of 3428746?
3
What is the tens digit of 10754631?
3
What is the ten thousands digit of 17099605?
9
What is the ten thousands digit of 460832?
6
What is the tens digit of 14126182?
8
What is the tens digit of 8518480?
8
What is the tens digit of 176452?
5
What is the hundreds digit of 1285163?
1
What is the ten millions digit of 13806823?
1
What is the hundreds digit of 748728?
7
What is the tens digit of 9404760?
6
What is the tens digit of 511170?
7
What is the tens digit of 9187608?
0
What is the units digit of 611211?
1
What is the thousands digit of 1265941?
5
What is the hundreds digit of 15967113?
1
What is the thousands digit of 63150?
3
What is the ten thousands digit of 49945?
4
What is the units digit of 1014429?
9
What is the thousands digit of 33465661?
5
What is the millions digit of 2085235?
2
What is the tens digit of 968061?
6
What is the units digit of 935352?
2
What is the units digit of 4482026?
6
What is the hundred thousands digit of 3578312?
5
What is the hundred thousands digit of 247033?
2
What is the millions digit of 25292814?
5
What is the millions digit of 1463676?
1
What is the hundreds digit of 905438?
4
What is the hundred thousands digit of 320567?
3
What is the hundred thousands digit of 796516?
7
What is the hundred thousands digit of 12036572?
0
What is the ten millions digit of 16333382?
1
What is the tens digit of 4591594?
9
What is the hundreds digit of 4721554?
5
What is the units digit of 160123?
3
What is the millions digit of 8249971?
8
What is the ten millions digit of 12664332?
1
What is the tens digit of 593363?
6
What is the hundred thousands digit of 398318?
3
What is the tens digit of 957764?
6
What is the millions digit of 12492826?
2
What is the ten thousands digit of 319676?
1
What is the hundreds digit of 590041?
0
What is the tens digit of 296745?
4
What is the tens digit of 1424417?
1
What is the hundreds digit of 55632?
6
What is the hundreds digit of 6528547?
5
What is the units digit of 839559?
9
What is the tens digit of 672233?
3
What is the hundred thousands digit of 2441025?
4
What is the units digit of 499751?
1
What is the units digit of 7906588?
8
What is the units digit of 137099?
9
What is the thousands digit of 3552298?
2
What is the units digit of 3620669?
9
What is the tens digit of 1290117?
1
What is the thousands digit of 4481026?
1
What is the units digit of 577657?
7
What is the units digit of 1295636?
6
What is the hundreds digit of 148507?
5
What is the tens digit of 15073571?
7
What is the ten thousands digit of 443793?
4
What is the thousands digit of 1790212?
0
What is the ten thousands digit of 1064784?
6
What is the millions digit of 26603112?
6
What is the ten thousands digit of 14003864?
0
What is the tens digit of 340?
4
What is the hundreds digit of 37126?
1
What is the hundred thousands digit of 17661217?
6
What is the hundred thousands digit of 543516?
5
What is the tens digit of 3562250?
5
What is the hundreds digit of 218308?
3
What is the thousands digit of 1911123?
1
What is the ten thousands digit of 303870?
0
What is the units digit of 75419?
9
What is the ten thousands digit of 18500183?
0
What is the millions digit of 4360412?
4
What is the units digit of 10292761?
1
What is the hundreds digit of 1218912?
9
What is the hundreds digit of 18797306?
3
What is the tens digit of 731329?
2
What is the thousands digit of 71650?
1
What is the hundreds digit of 11563434?
4
What is the hundreds digit of 25824452?
4
What is the thousands digit of 75087?
5
What is the ten thousands digit of 12548679?
4
What is the tens digit of 22252?
5
What is the thousands digit of 550219?
0
What is the thousands digit of 11754990?
4
What is the tens digit of 2408453?
5
What is the hundred thousands digit of 286786?
2
What is the units digit of 19879954?
4
What is the units digit of 2410562?
2
What is the units digit of 506938?
8
What is the tens digit of 7871391?
9
What is the millions digit of 1540019?
1
What is the tens digit of 16189646?
4
What is the hundreds digit of 166896?
8
What is the tens digit of 128378?
7
What is the thousands digit of 2486554?
6
What is the thousands digit of 233929?
3
What is the tens digit of 10721053?
5
What is the hundred thousands digit of 196511?
1
What is the millions digit of 18955182?
8
What is the millions digit of 2873006?
2
What is the hundred thousands digit of 7396288?
3
What is the tens digit of 209418?
1
What is the units digit of 23062642?
2
What is the thousands digit of 521502?
1
What is the hundred thousands digit of 201579?
2
What is the hundred thousands digit of 1492704?
4
What is the units digit of 41089?
9
What is the hundred thousands digit of 1626567?
6
What is the units digit of 215439?
9
What is the tens digit of 138668?
6
What is the hundred thousands digit of 420067?
4
What is the hundreds digit of 7361375?
3
What is the thousands digit of 10006?
0
What is the hundred thousands digit of 11572846?
5
What is the tens digit of 33461128?
2
What is the ten thousands digit of 3803655?
0
What is the hundred thousands digit of 294274?
2
What is the ten thousands digit of 136395?
3
What is the units digit of 3713985?
5
What is the units digit of 6953151?
1
What is the thousands digit of 2400292?
0
What is the hundreds digit of 123952?
9
What is the tens digit of 244071?
7
What is the thousands digit of 75068?
5
What is the tens digit of 460712?
1
What is the hundred thousands digit of 1793478?
7
What is the ten thousands digit of 6293769?
9
What is the thousands digit of 5898306?
8
What is the units digit of 2142239?
9
What is the hundreds digit of 6935925?
9
What is the hundred thousands digit of 8149367?
1
What is the thousands digit of 334973?
4
What is the ten thousands digit of 116468?
1
What is the millions digit of 25918231?
5
What is the units digit of 13800644?
4
What is the ten millions digit of 23349937?
2
What is the thousands digit of 811731?
1
What is the thousands digit of 1935107?
5
What is the ten thousands digit of 9428879?
2
What is the ten thousands digit of 2990019?
9
What is the thousands digit of 3306?
3
What is the ten thousands digit of 3763925?
6